{"id":14,"date":"2021-01-12T08:17:47","date_gmt":"2021-01-12T08:17:47","guid":{"rendered":"https:\/\/1a-itservice.de\/?page_id=14"},"modified":"2023-12-12T12:59:45","modified_gmt":"2023-12-12T12:59:45","slug":"home","status":"publish","type":"page","link":"https:\/\/1a-itservice.de\/","title":{"rendered":"home"},"content":{"rendered":"\t\t<div data-elementor-type=\"wp-page\" data-elementor-id=\"14\" class=\"elementor elementor-14\" data-elementor-settings=\"[]\">\n\t\t\t\t\t\t<div class=\"elementor-inner\">\n\t\t\t\t\t\t\t<div class=\"elementor-section-wrap\">\n\t\t\t\t\t\t\t<section class=\"elementor-section elementor-top-section elementor-element elementor-element-c7b58d2 elementor-section-boxed elementor-section-height-default elementor-section-height-default\" data-id=\"c7b58d2\" data-element_type=\"section\">\n\t\t\t\t\t\t<div class=\"elementor-container elementor-column-gap-default\">\n\t\t\t\t\t\t\t<div class=\"elementor-row\">\n\t\t\t\t\t<div class=\"elementor-column elementor-col-100 elementor-top-column elementor-element elementor-element-f3d4f5b\" data-id=\"f3d4f5b\" data-element_type=\"column\">\n\t\t\t<div class=\"elementor-column-wrap elementor-element-populated\">\n\t\t\t\t\t\t\t<div class=\"elementor-widget-wrap\">\n\t\t\t\t\t\t<div class=\"elementor-element elementor-element-ef7a7db elementor-widget elementor-widget-text-editor\" data-id=\"ef7a7db\" data-element_type=\"widget\" data-widget_type=\"text-editor.default\">\n\t\t\t\t<div class=\"elementor-widget-container\">\n\t\t\t\t\t<div class=\"elementor-text-editor elementor-clearfix\"><p>Herzlich willkommen auf meiner Web-Seite.<\/p><p>Aktuell bin ich in verschiedenen Projekten innerhalb und au\u00dferhalb der IT t\u00e4tig. Ganz nach meinem Motto &#8220; thinking outside the box&#8220;.<\/p><p>Daher komme ich nur selten dazu, an meiner Web-Seite \u00c4nderungen und Optimierungen vorzunehmen.<\/p><p>F\u00fcr Anfragen stehe ich nat\u00fcrlich gerne per Mail oder Telefon zur Verf\u00fcgung.<\/p><p><span style=\"font-size: 14pt;\">J\u00f6rg Aleth<\/span><\/p><\/div>\n\t\t\t\t<\/div>\n\t\t\t\t<\/div>\n\t\t\t\t\t\t<\/div>\n\t\t\t\t\t<\/div>\n\t\t<\/div>\n\t\t\t\t\t\t\t\t<\/div>\n\t\t\t\t\t<\/div>\n\t\t<\/section>\n\t\t\t\t\t\t<\/div>\n\t\t\t\t\t\t<\/div>\n\t\t\t\t\t<\/div>\n\t\t","protected":false},"excerpt":{"rendered":"<p>Herzlich willkommen auf meiner Web-Seite. Aktuell bin ich in verschiedenen Projekten innerhalb und au\u00dferhalb der IT t\u00e4tig. Ganz nach meinem Motto &#8220; thinking outside the box&#8220;. Daher komme ich nur [&hellip;]<\/p>\n","protected":false},"author":1,"featured_media":0,"parent":0,"menu_order":0,"comment_status":"closed","ping_status":"closed","template":"","meta":{"footnotes":""},"_links":{"self":[{"href":"https:\/\/1a-itservice.de\/index.php?rest_route=\/wp\/v2\/pages\/14"}],"collection":[{"href":"https:\/\/1a-itservice.de\/index.php?rest_route=\/wp\/v2\/pages"}],"about":[{"href":"https:\/\/1a-itservice.de\/index.php?rest_route=\/wp\/v2\/types\/page"}],"author":[{"embeddable":true,"href":"https:\/\/1a-itservice.de\/index.php?rest_route=\/wp\/v2\/users\/1"}],"replies":[{"embeddable":true,"href":"https:\/\/1a-itservice.de\/index.php?rest_route=%2Fwp%2Fv2%2Fcomments&post=14"}],"version-history":[{"count":7,"href":"https:\/\/1a-itservice.de\/index.php?rest_route=\/wp\/v2\/pages\/14\/revisions"}],"predecessor-version":[{"id":209,"href":"https:\/\/1a-itservice.de\/index.php?rest_route=\/wp\/v2\/pages\/14\/revisions\/209"}],"wp:attachment":[{"href":"https:\/\/1a-itservice.de\/index.php?rest_route=%2Fwp%2Fv2%2Fmedia&parent=14"}],"curies":[{"name":"wp","href":"https:\/\/api.w.org\/{rel}","templated":true}]}}